245106?
True
Does 342 divide 124488?
True
Is 105386 a multiple of 46?
True
Is 19 a factor of 11363197?
True
Is 58904 a multiple of 2?
True
Is 932 a factor of 4750404?
True
Is 4 a factor of 4577279?
False
Is 12337 a multiple of 3?
False
Is 195978 a multiple of 3?
True
Does 6 divide 2778975?
False
Is 1119964 a multiple of 51?
False
Is 288 a factor of 866110?
False
Is 2 a factor of 64158?
True
Does 3 divide 1536009?
True
Does 101 divide 30401?
True
Is 473418 a multiple of 5?
False
Does 1905 divide 12148185?
True
Does 13 divide 26845?
True
Does 17 divide 91701?
False
Does 261 divide 11780550?
False
Does 1444 divide 10739028?
True
Is 45 a factor of 32940?
True
Does 100 divide 1199900?
True
Does 17 divide 2371326?
False
Does 116 divide 220980?
True
Is 3064996 a multiple of 107?
False
Is 482 a factor of 3196624?
True
Is 10053039 a multiple of 17?
False
Is 628596 a multiple of 19?
True
Is 360 a factor of 1101509?
False
Is 118650 a multiple of 6?
True
Is 9 a factor of 1496014?
False
Does 41 divide 833471?
False
Does 294 divide 2224698?
True
Is 276614 a multiple of 18?
False
Is 1622604 a multiple of 6?
True
Is 490518 a multiple of 18?
True
Is 3394844 a multiple of 38?
True
Is 31 a factor of 233337?
True
Is 72107 a multiple of 7?
True
Is 587898 a multiple of 114?
True
Does 14 divide 6854566?
False
Does 3 divide 421105?
False
Is 32 a factor of 2132657?
False
Does 12 divide 82754?
False
Is 2601694 a multiple of 22?
False
Does 25 divide 686125?
True
Is 51 a factor of 143769?
True
Is 2398036 a multiple of 34?
False
Is 65 a factor of 3926455?
True
Does 265 divide 13906?
False
Does 21 divide 214706?
False
Is 20 a factor of 5451?
False
Is 103600 a multiple of 74?
True
Does 700 divide 2551500?
True
Is 35297 a multiple of 47?
True
Does 42 divide 13082565?
False
Does 3 divide 18876?
True
Is 168206 a multiple of 86?
False
Does 8 divide 843930?
False
Does 240 divide 1047262?
False
Is 8133467 a multiple of 16?
False
Is 14 a factor of 347603?
False
Is 7 a factor of 100695?
True
Is 5547177 a multiple of 1107?
True
Is 511 a factor of 307111?
True
Does 11 divide 880858?
True
Does 549 divide 1566297?
True
Does 2 divide 7200?
True
Is 5193764 a multiple of 10?
False
Does 8 divide 35906?
False
Does 43 divide 191221?
True
Does 27 divide 80821?
False
Does 182 divide 412236?
False
Is 97 a factor of 124498?
False
Is 465 a factor of 267880?
False
Is 575 a factor of 1603756?
False
Is 1851330 a multiple of 282?
True
Is 16 a factor of 3651664?
True
Is 38 a factor of 2396102?
False
Is 1051 a factor of 23739988?
True
Is 330536 a multiple of 446?
False
Is 388136 a multiple of 29?
True
Does 88 divide 169048?
True
Does 40 divide 250444?
False
Does 68 divide 20128?
True
Is 241060 a multiple of 57?
False
Is 41 a factor of 161991?
True
Is 158487 a multiple of 243?
False
Does 551 divide 456624?
False
Is 329 a factor of 267804?
False
Is 1403928 a multiple of 4?
True
Does 25 divide 3499525?
True
Is 83 a factor of 1105738?
False
Is 4 a factor of 11526?
False
Does 56 divide 710248?
True
Is 32599 a multiple of 7?
True
Is 153784 a multiple of 5?
False
Is 21 a factor of 18018?
True
Is 243461 a multiple of 2?
False
Is 23 a factor of 164549?
False
Does 9 divide 797994?
True
Does 27 divide 2988549?
True
Is 8613540 a multiple of 260?
True
Is 176853 a multiple of 3?
True
Is 263835 a multiple of 587?
False
Is 4 a factor of 143357?
False
Is 124475 a multiple of 65?
True
Does 208 divide 764237?
False
Is 72 a factor of 168480?
True
Is 961558 a multiple of 63?
False
Is 199424 a multiple of 8?
True
Is 114 a factor of 4522494?
True
Does 77 divide 119835?
False
Is 467 a factor of 371732?
True
Is 435105 a multiple of 33?
True
Is 39 a factor of 2518739?
False
Is 27 a factor of 897129?
True
Does 59 divide 116112?
True
Does 236 divide 250419?
False
Is 166179 a multiple of 21?
False
Does 10 divide 1422995?
False
Is 12 a factor of 185904?
True
Does 16 divide 386992?
True
Is 6268815 a multiple of 7?
True
Is 12246400 a multiple of 200?
True
Is 40 a factor of 13396640?
True
Is 11971909 a multiple of 17?
False
Is 196560 a multiple of 455?
True
Is 335140 a multiple of 20?
True
Does 202 divide 427836?
True
Is 226 a factor of 259292?
False
Does 71 divide 46101?
False
Is 1308720 a multiple of 56?
True
Is 270 a factor of 10260?
True
Does 13 divide 4269150?
False
Is 229 a factor of 127324?
True
Is 3860216 a multiple of 2?
True
Is 98091 a multiple of 27?
True
Does 164 divide 43624?
True
Does 14 divide 1387610?
True
Does 73 divide 209497?
False
Is 11 a factor of 272503?
True
Is 274 a factor of 189779?
False
Does 94 divide 2135680?
True
Is 95 a factor of 109127?
False
Does 35 divide 67090?
False
Is 3148522 a multiple of 21?
False
Is 5484114 a multiple of 9?
True
Does 2 divide 485?
False
Is 4385 a multiple of 141?
False
Is 186300 a multiple of 45?
True
Does 15 divide 226470?
True
Does 2 divide 16892?
True
Is 620554 a multiple of 11?
True
Is 76 a factor of 443425?
False
Is 120516 a multiple of 332?
True
Is 52 a factor of 2885064?
True
Does 73 divide 663483?
False
Is 14 a factor of 10698376?
False
Is 196 a factor of 1405200?
False
Is 139 a factor of 444395?
False
Is 202 a factor of 220786?
True
Is 189979 a multiple of 22?
False
Is 260 a factor of 1949480?
True
Is 10232559 a multiple of 9?
True
Is 48 a factor of 603984?
True
Is 5480650 a multiple of 350?
True
Is 83 a factor of 236515?
False
Is 55 a factor of 661099?
False
Is 13817232 a multiple of 528?
True
Is 215294 a multiple of 26?
False
Is 238 a factor of 514794?
True
Is 33 a factor of 24752861?
False
Is 209 a factor of 1813911?
True
Is 181109 a multiple of 40?
False
Is 211 a factor of 197496?
True
Is 197532 a multiple of 708?
True
Is 3454128 a multiple of 34?
True
Is 98 a factor of 33852?
False
Is 5 a factor of 5110153?
False
Is 3 a factor of 599904?
True
Is 57 a factor of 4003794?
True
Does 4 divide 139121?
False
Is 23408618 a multiple of 46?
True
Is 321 a factor of 868626?
True
Is 18 a factor of 558560?
False
Does 194 divide 68094?
True
Is 2254084 a multiple of 59?
False
Does 14 divide 24071712?
True
Does 37 divide 4313382?
False
Does 19 divide 154957?
False
Does 21 divide 682794?
True
Is 5 a factor of 32804?
False
Does 7 divide 1957508?
True
Is 14709270 a multiple of 10?
True
Does 8 divide 116312?
True
Is 35 a factor of 767611?
False
Is 1770750 a multiple of 9?
True
Is 243 a factor of 977851?
False
Does 108 divide 290290?
False
Is 7 a factor of 1634234?
True
Does 449 divide 393292?
False
Does 46 divide 13819?
False
Is 42 a factor of 11815818?
True
Is 10 a factor of 1374200?
True
Is 207 a factor of 140967?
True
Is 124488 a multiple of 364?
True
Is 63 a factor of 300458?
False
Is 11275222 a multiple of 56?
False
Is 349065 a multiple of 5?
True
Does 69 divide 5320452?
True
Does 680 divide 635120?
True
Does 8 divide 295909?
False
Does 346 divide 501700?
True
Does 97 divide 529232?
True
Is 79470 a multiple of 20?
False
Does 2 divide 23251?
False
Is 21 a factor of 1052474?
False
Is 23 a factor of 598778?
False
Does 68 divide 104244?
True
Does 36 divide 654774?
False
Does 495 divide 1672338?
False
Is 49293 a multiple of 3?
True
Is 18 a factor of 514081?
False
Does 41 divide 489622?
True
Is 441778 a multiple of 512?
False
Is 1571910 a multiple of 8?
False
Is 1378797 a multiple of 7?
True
Is 20 a factor of 21991180?
True
Is 150368 a multiple of 37?
True
Is 366 a factor of 25860?
False
Does 12 divide 2659559?
False
Does 82 divide 23370?
True
Does 370 divide 98164?
False
Is 165442 a multiple of 12?
False
Is 3711190 a multiple of 5?
True
Is 521 a factor of 8147398?
True
Does 17 divide 6331565?
True
Is 8809175 a multiple of 36?
False
Is 8 a factor of 1403856?
True
Does 21 divide 2075178?
True
Does 211 divide 293923?
True
Does 233 divide 67803?
True
Is 159 a factor of 111547?
False
Is 4102905 a multiple of 8?
False
Is 136 a factor of 3707496?
True
Is 60 a factor of 113100?
True
Does 1069 divide 12011284?
True
Does 826 divide 1960441?
False
Does 9 divide 159246?
True
Does 38 divide 1769814?
False
Is 99736 a multiple of 21?
False
Is 284794 a multiple of 7?
False
Does 24 divide 3864?
True
Does 50 divide 66400?
True
Does 55 divide 539730?
False
Does 61 divide 893162?
True
Is 21 a factor of 3252789?
False
Is 21650 a multiple of 4?
False
Does 133 divide 332865?
False
Is 135 a factor of 5254